{"id":1339,"date":"2022-05-09T10:29:52","date_gmt":"2022-05-09T08:29:52","guid":{"rendered":"https:\/\/www.lozt.fr\/index.php\/subscribe-to-podcast-2\/"},"modified":"2022-11-23T12:54:20","modified_gmt":"2022-11-23T10:54:20","slug":"subscribe-to-podcast-2","status":"publish","type":"page","link":"https:\/\/www.lozt.fr\/index.php\/subscribe-to-podcast-2\/","title":{"rendered":"S&rsquo;abonner au podcast des Voyages ordinaires"},"content":{"rendered":"<p>En vous abonnant, vous recevrez automatiquement les derniers \u00e9pisodes sur votre ordinateurs ou votre smartphone. S\u00e9lectionnez le service qui vous convient le mieux.<\/p>\n\n\n\n<p class=\"has-text-align-center has-medium-font-size\"><em><mark style=\"background-color:#fcb900\" class=\"has-inline-color has-black-color\">Retrouvez le roman des Voyages ordinaires (Tome I) en librairie, ou <a href=\"https:\/\/artspo-livresaudio.store\/index.php\/produit\/les-voyages-ordinaires-i-roman\/\" target=\"_blank\" rel=\"noreferrer noopener\">commandez-le ici en ligne<\/a>. <\/mark><\/em><\/p>\n","protected":false},"excerpt":{"rendered":"<p>En vous abonnant, vous recevrez automatiquement les derniers \u00e9pisodes sur votre ordinateurs ou votre smartphone. S\u00e9lectionnez le service qui vous convient le mieux. Retrouvez le roman des Voyages ordinaires (Tome I) en librairie, ou commandez-le ici en ligne.<\/p>\n","protected":false},"author":1,"featured_media":1345,"parent":0,"menu_order":0,"comment_status":"closed","ping_status":"closed","template":"","meta":{"footnotes":""},"tags":[],"class_list":["post-1339","page","type-page","status-publish","has-post-thumbnail","hentry"],"jetpack_sharing_enabled":true,"jetpack_shortlink":"https:\/\/wp.me\/P7KBXa-lB","jetpack-related-posts":[{"id":32,"url":"https:\/\/www.lozt.fr\/","url_meta":{"origin":1339,"position":0},"title":"Avant-propos","author":"Fran\u00e7ois Lozet","date":"7 juillet 2016","format":false,"excerpt":"Ce nouveau travail de blog cherche non \u00e0 r\u00e9pondre \u00e0 un questionnement, mais \u00e0 ouvrir plusieurs questions - dont celle des m\u00e9tamorphoses de la \"culture\" \u00e0 l'\u00e8re num\u00e9rique. Car en parall\u00e8le \u00e0 ces nouveaux acc\u00e8s aux savoirs ouverts par les nouvelles technologies, et accompagnant ce bouleversement in\u00e9dit du rapport de\u2026","rel":"","context":"Article similaire","block_context":{"text":"Article similaire","link":""},"img":{"alt_text":"","src":"https:\/\/i0.wp.com\/www.lozt.fr\/wp-content\/uploads\/2023\/09\/YddjPaQBtcSoHIo9jRRc-1-jyq3o.jpg?fit=1024%2C1024&ssl=1&resize=350%2C200","width":350,"height":200,"srcset":"https:\/\/i0.wp.com\/www.lozt.fr\/wp-content\/uploads\/2023\/09\/YddjPaQBtcSoHIo9jRRc-1-jyq3o.jpg?fit=1024%2C1024&ssl=1&resize=350%2C200 1x, https:\/\/i0.wp.com\/www.lozt.fr\/wp-content\/uploads\/2023\/09\/YddjPaQBtcSoHIo9jRRc-1-jyq3o.jpg?fit=1024%2C1024&ssl=1&resize=525%2C300 1.5x, https:\/\/i0.wp.com\/www.lozt.fr\/wp-content\/uploads\/2023\/09\/YddjPaQBtcSoHIo9jRRc-1-jyq3o.jpg?fit=1024%2C1024&ssl=1&resize=700%2C400 2x"},"classes":[]},{"id":1012,"url":"https:\/\/www.lozt.fr\/index.php\/politique-de-confidentialite\/","url_meta":{"origin":1339,"position":1},"title":"Politique de confidentialit\u00e9","author":"Fran\u00e7ois Lozet","date":"9 janvier 2020","format":false,"excerpt":"Qui sommes-nous\u00a0? L\u2019adresse de notre site Web est\u00a0: https:\/\/www.lozt.fr. Utilisation des donn\u00e9es personnelles collect\u00e9es Commentaires Quand vous laissez un commentaire sur notre site web, les donn\u00e9es inscrites dans le formulaire de commentaire, mais aussi votre adresse IP et l\u2019agent utilisateur de votre navigateur sont collect\u00e9s pour nous aider \u00e0 la\u2026","rel":"","context":"Article similaire","block_context":{"text":"Article similaire","link":""},"img":{"alt_text":"","src":"","width":0,"height":0},"classes":[]},{"id":725,"url":"https:\/\/www.lozt.fr\/index.php\/mentions-legales\/","url_meta":{"origin":1339,"position":2},"title":"Mentions l\u00e9gales","author":"Fran\u00e7ois Lozet","date":"1 mars 2018","format":false,"excerpt":"1. Pr\u00e9sentation du site. En vertu de l'article 6 de la loi n\u00b0 2004-575 du 21 juin 2004 pour la confiance dans l'\u00e9conomie num\u00e9rique, il est pr\u00e9cis\u00e9 aux utilisateurs du site Paysages d'aujourd'hui l'identit\u00e9 des diff\u00e9rents intervenants dans le cadre de sa r\u00e9alisation et de son suivi : Propri\u00e9taire :\u2026","rel":"","context":"Article similaire","block_context":{"text":"Article similaire","link":""},"img":{"alt_text":"","src":"","width":0,"height":0},"classes":[]}],"_links":{"self":[{"href":"https:\/\/www.lozt.fr\/index.php\/wp-json\/wp\/v2\/pages\/1339","targetHints":{"allow":["GET"]}}],"collection":[{"href":"https:\/\/www.lozt.fr\/index.php\/wp-json\/wp\/v2\/pages"}],"about":[{"href":"https:\/\/www.lozt.fr\/index.php\/wp-json\/wp\/v2\/types\/page"}],"author":[{"embeddable":true,"href":"https:\/\/www.lozt.fr\/index.php\/wp-json\/wp\/v2\/users\/1"}],"replies":[{"embeddable":true,"href":"https:\/\/www.lozt.fr\/index.php\/wp-json\/wp\/v2\/comments?post=1339"}],"version-history":[{"count":6,"href":"https:\/\/www.lozt.fr\/index.php\/wp-json\/wp\/v2\/pages\/1339\/revisions"}],"predecessor-version":[{"id":1441,"href":"https:\/\/www.lozt.fr\/index.php\/wp-json\/wp\/v2\/pages\/1339\/revisions\/1441"}],"wp:featuredmedia":[{"embeddable":true,"href":"https:\/\/www.lozt.fr\/index.php\/wp-json\/wp\/v2\/media\/1345"}],"wp:attachment":[{"href":"https:\/\/www.lozt.fr\/index.php\/wp-json\/wp\/v2\/media?parent=1339"}],"wp:term":[{"taxonomy":"post_tag","embeddable":true,"href":"https:\/\/www.lozt.fr\/index.php\/wp-json\/wp\/v2\/tags?post=1339"}],"curies":[{"name":"wp","href":"https:\/\/api.w.org\/{rel}","templated":true}]}}